ose -4*q + 1560 = 11*m - 7*m, -3*m - 5*q + 1160 = 0. What is the hundreds digit of m?
3
Let d(a) = -3*a + 7. Let u be d(-5). Let q(x) = -x**2 + 8*x - 7. Let j be q(6). Suppose 5*y + 58 + u = 5*r, -2*r + j*y = -44. What is the units digit of r?
2
Suppose -10 + 2 = -x. Let t be 11*1 - 0/x. Let h(j) = j - 1. What is the units digit of h(t)?
0
Let m be ((-35)/5 - -2)*-1. Suppose 0 = m*h + 32 - 222. What is the tens digit of h?
3
Let h = 313 - -190. What is the tens digit of h?
0
Let d = 2197 + 3180. What is the tens digit of d?
7
Suppose 5*m = -0*w + 2*w - 85, -2*w = 5*m + 65. What is the units digit of (0 + -5)*(14 + m)?
5
Let x = 472 + 67. What is the hundreds digit of x?
5
Let m(u) = -5 - 10*u - 3*u - 7 - 8 + 16*u**2 + u**3. What is the units digit of m(-16)?
8
Let r = -26 + 27. Suppose 0*m - r = m - 2*n, -2*m + 3*n + 1 = 0. What is the units digit of m?
5
Suppose -4 = -2*y - 6. What is the units digit of (-6)/(-39) - (1656/(-52) - y)?
1
Let t = 16 - 20. Let m(x) = 3*x**2 - x - 1. What is the tens digit of m(t)?
5
Let n(l) = 128*l**3 - 2*l**2 + 43*l - 140. What is the thousands digit of n(3)?
3
Suppose x - 367 - 258 = -5*c, -3*x + 2*c = -1858. Let r be (-132)/42 - -3 - (-2214)/14. Suppose -6*h - r = -x. What is the tens digit of h?
7
Suppose 4*d - 131 = 2*j - 3*j, 4*j - 5*d - 587 = 0. What is the hundreds digit of j?
1
Suppose 173 = f - 2*h, 5*f = -0*h - 5*h + 925. What is the units digit of f?
1
What is the thousands digit of 28160/28 + (-2)/(-7)?
1
Suppose 16*l - 20366 = 4658. What is the units digit of l?
4
Let m(g) = 24*g - 8. Let v(p) = p**2 + 47*p - 15. Let d(t) = 5*m(t) - 3*v(t). What is the units digit of d(-6)?
3
Suppose -4*f = g + 79, f + 5*g = -5 - 10. Let q be (f/(-25))/(4/10). Suppose -5*s - 28 = -4*w, 0*w = 3*w + q*s - 21. What is the units digit of w?
7
Let h = -584 - -941. What is the units digit of h?
7
Suppose -2*k = -f - 93, -5*k + 246 = -0*f + 2*f. Let j = 91 - k. What is the units digit of j?
3
Let g = 574 - -342. What is the hundreds digit of g?
9
Let y = 126 - -877. What is the hundreds digit of y?
0
What is the units digit of (2 + -10)*(-51807)/168?
7
Let s(r) = -4*r**2 + 71*r + 35. What is the units digit of s(18)?
7
Let m be 1 - (0 + 2) - -4. Suppose 0 = -m*l - 6 - 6. What is the tens digit of (-90)/l*140/42?
7
What is the hundreds digit of (-1779)/(-2)*3504/657?
7
Let b be (2/4)/((-1)/(-30)). Suppose -z - b = -21. What is the units digit of z?
6
Suppose 614 = 2*u + 116. What is the hundreds digit of u?
2
Let a = -47 + 39. What is the tens digit of 2 - -41 - (4 + a)?
4
Let h(p) = -24*p - 16. Let n(c) = c + 1. Let s(j) = -2*h(j) - 28*n(j). What is the units digit of s(2)?
4
Let y(o) = -o**3 + 9*o**2 - 8*o + 1. Let l be y(7). Suppose 3*w + 3*q = 100 + 14, -l = -w - 2*q. What is the tens digit of w?
3
Let k(x) = x**3 - 13*x**2 + 6. Let a be k(13). Suppose 1 = 3*l - 2, 5*y + 4*l = 779. Suppose 0 = 11*q - a*q - y. What is the tens digit of q?
3
Suppose 2*p - 19 - 7 = 4*s, 2*p + s - 6 = 0. Suppose -3*o = -p*o + 4. What is the tens digit of 44 + 4/(2 + o)?
4
Suppose 31*b = 21*b + 1740. What is the units digit of b?
4
Let j = 844 - 170. What is the units digit of j?
4
Suppose 4*l = 494 + 5358. What is the tens digit of l?
6
Let u = -402 - -695. Let a = u + -126. What is the hundreds digit of a?
1
Let z(l) = l**2 - 12*l - 22. Let c be z(12). Let m = -25 - c. What is the units digit of 1/(-2)*42/m?
7
Let r(y) = 20*y - 355. Let h be r(17). Let g(d) = -5*d**2 - 4*d - 3. Let a be g(-4). Let k = h - a. What is the units digit of k?
2
Let c(k) = -k**2 - 6*k - 2. Suppose 3*q - 5 = 4*q. Let t be c(q). Suppose -t*a + 14 = 5*x - 30, 2*a - 5*x + 4 = 0. What is the units digit of a?
8
Suppose 0 = -5*l + v + 3966, 2*v = l - 6*l + 3978. What is the tens digit of l?
9
Let t be (-8 + 2)/((-4)/94). Let y be t/(-21) + 2/(-7). Let r = 14 + y. What is the units digit of r?
7
Suppose 0 = 3*g + 23 - 20. What is the units digit of g + 200/6 + (-13)/39?
2
Let j be (54/(-72))/(1/4). Let b(h) = -h**2 - 12*h - 7. What is the tens digit of b(j)?
2
Let d be (-1)/(1 + 3/(-2)). Suppose 4 = -d*i, -5*i = 2*v + v - 80. What is the units digit of v?
0
Suppose 0 = 3*y - 2*a - 7, 5*y + 4*a = -3 - 0. Let c be y + -2 + 18 - -1. Suppose -k - c = -47. What is the tens digit of k?
2
Suppose 5*k - 8*k + 630 = 0. Suppose 2*a = 3*b + 4*a - k, 285 = 4*b + a. What is the tens digit of b?
7
Suppose 201*p - 197*p = 4316. What is the thousands digit of p?
1
Suppose -2*u - 5 = -5*h + 9, u = -h - 21. What is the hundreds digit of (1 + -2)*3451/u?
2
Let c(w) = 3*w**2 - 7*w + 11. Let a be c(14). What is the units digit of (5/5)/(3/a)?
7
Suppose 2*i = 10, -2*v - 5*i + 15 = -10. Suppose -143 - 515 = -4*u + b, 3*u + 5*b - 482 = v. What is the hundreds digit of u?
1
Let k = -107 - -37. What is the units digit of ((-102)/85)/(3/k)?
8
Let c(k) = -337*k**3 + 37*k**2 + 34*k - 2. What is the units digit of c(-1)?
8
Let b = -3 + 8. Suppose u = -b*o + 354, u = 6*u - 20. What is the units digit of o?
0
Suppose 0 = -12*l + 22*l - 1660. What is the units digit of l?
6
Let y = 44 - 40. Suppose -y*j = -6*j + 174. What is the units digit of j?
7
Suppose 15700 = 232*o - 227*o. What is the hundreds digit of o?
1
Let z = -40 + 32. What is the tens digit of (-234 - (-2 - -2))*4/z?
1
Let p(c) = -c**2 + 7*c - 2. Let a be p(6). Let d(b) = 4*b + 2*b - 5*b + b**2 + a + 2. What is the units digit of d(-4)?
8
Let z(p) = 27*p**2 - 2*p - 1. Let x be z(-2). Suppose 3*h - 33 = -2*v - x, v + 5*h + 53 = 0. What is the tens digit of (-786)/v - (-2)/11?
2
Let m be (-52 + 535)*(-1*1 - 1). What is the units digit of (30/90)/((-2)/m)?
1
Suppose 4*v = -4*o + 36, 4*v + 2*o = 17 + 15. Suppose -m = -v + 1. What is the units digit of (19/(-2))/((-3)/m)?
9
Let l(k) be the second derivative of 0*k**2 + 1/12*k**4 + 8*k + 0 + 1/3*k**3. What is the units digit of l(7)?
3
Suppose 26 = 5*d + 6, 3*t - 3*d - 123 = 0. Let k = 118 + -146. Let x = k + t. What is the tens digit of x?
1
Let l be (-5)/(-10) + 110/(-4). Let s = l + 47. What is the tens digit of s?
2
Let u = 2836 + -1497. What is the tens digit of u?
3
Suppose 99352 = -34*v + 122*v. What is the hundreds digit of v?
1
What is the tens digit of ((-54080)/182)/(6/(-21))?
4
Suppose 0*b + 966 = 3*b. What is the tens digit of b?
2
Suppose 4*w = 4*q + 108, -w + 2*w + 108 = -4*q. Let x be (-9)/(q/30) + -4. Suppose x*t - 21 = 4*t - 3*z, 0 = 3*t - 5*z - 60. What is the units digit of t?
5
Let t(j) = 33*j**2 + 8*j - 71. What is the units digit of t(9)?
4
Let v = 2405 - 627. What is the thousands digit of v?
1
Suppose 0 = 3*w - w + 6, -2*m + w + 459 = 0. What is the units digit of m?
8
Let c(d) be the first derivative of -d**3/3 - 2*d**2 + 44*d - 17. What is the units digit of c(-7)?
3
Let u be 3 - (-4)/((-4)/3). Suppose s + u = 8. Suppose -6*q - 40 = -s*q. What is the tens digit of q?
2
Suppose -3*a - a = -36. Let g = a + 43. What is the units digit of g?
2
Let i = 70 - 65. Suppose -4*r = i*b - 148, -5*r - 32 = -2*b - 217. What is the tens digit of r?
3
Let c = -35 - -38. What is the tens digit of 1/(c + (-231)/78)?
2
What is the hundreds digit of (-4)/6 - (4696/(-6) - 3)?
7
Let q(a) = -27 + 2*a + 0*a + 3. Let p be q(10). What is the units digit of (-30)/p - 6/(-12)?
8
Suppose -2*p + 198 = 2*u, -2*u - 183 = -2*p - 7*u. What is the hundreds digit of p?
1
Let m = 1344 - -3. Suppose 1168 = 4*v + 2*a, -4*v + m = -5*a + 179. What is the units digit of v?
2
Let i(r) = -58*r**3 + r**2 - r - 3. What is the tens digit of i(-2)?
6
Let g be 101628/306 - 4/34. Let u = g + -157. What is the units digit of u?
5
Let g = 555 - 205. What is the tens digit of g?
5
Suppose 0 = -21*p + 16*p + 940. What is the tens digit of p?
8
Let g(f) = -5*f + 3. Let d(a) = 9*a - 5. Let r(j) = 4*d(j) + 7*g(j). Let k(l) = 2*l. Let p(o) = -2*k(o) + 2*r(o). What is the units digit of p(-2)?
6
Suppose -4*c = 3*f - 487, 0 = 2*c - c - 2*f - 119. Suppose m - c = -51. What is the tens digit of m?
7
Let j(w) = -w + 7. Let h(b) be the first derivative of -b**2 + 8*b + 2. Let q(d) = -2*h(d) + 3*j(d). What is the units digit of q(-2)?
3
What is the tens digit of (-10)/15 - 11358/(-27)?
2
What is the units digit of (2/(-12))/(42/(-480564))?
7
Let u(j) = -8 - 2 + 5*j - 6*j. Let b be u(-3). Let s = 29 - b. What is the tens digit